hen 211 is divided by y?
40
Let d = -263 - -282. Suppose -21*o + 100 = -d*o. Calculate the remainder when 122 is divided by o.
22
Let a(c) be the second derivative of 0 + 27*c - 1/2*c**3 - 25*c**2. Calculate the remainder when 49 is divided by a(-25).
24
Suppose f - 594 + 529 = 0. What is the remainder when 190 is divided by f?
60
Let t = 4880 - 3972. What is the remainder when t is divided by 36?
8
Let h = -2956 + 2961. Suppose -4*d - 5*q - 12 = 0, -q = -5*d + 3 - 18. Let y = 9 + d. What is the remainder when y is divided by h?
1
Suppose -4*y = -4*x - 160, 6*y - 2*y = x + 157. Let z = 90 - y. Let q = -45 + z. What is the remainder when q is divided by 4?
2
Suppose 4*p = 3*n - 40, 4*n = -2*p + 4*p + 60. What is the remainder when n is divided by -2 + (-1 - -2 - -16)?
1
Calculate the remainder when 3/9 - 1*((-6741)/27 - 10) is divided by 6.
2
Let u be 2/(-4) - (-12155)/26. Let x = 494 - u. Calculate the remainder when 131 is divided by x.
23
What is the remainder when 2/25 - 19953952/(-1850) is divided by 93?
91
Suppose 2*k - 2*a = 1064, -4*k = -5*a + 7*a - 2104. Suppose 9*d = 7*d + k. What is the remainder when d is divided by 38?
36
Let s = -93 - -227. Suppose -130*r = -s*r + 96. What is the remainder when 85 is divided by r?
13
Suppose -b = 2*f - 49, 4*f - 149 = 5*b - 16. Let j = -233 + 337. Suppose j = 4*p - 316. Calculate the remainder when p is divided by f.
24
Calculate the remainder when (-284)/(-355) + 507/15*(4 + 0) is divided by 123.
13
Suppose 6*s - 65 = 517. Suppose 5*m = 5*t + 525, -13*m + 5*t = -12*m - s. Calculate the remainder when m is divided by 16.
11
Let c = 145 + -137. What is the remainder when -1*c/(-2) - (-219)/3 is divided by 40?
37
Let l = 331 - 314. Suppose -5*m = l - 132. Calculate the remainder when (-662)/(-6) - 4/(-6) is divided by m.
19
Suppose -45*h + 18214 = -4736. Calculate the remainder when h is divided by 29.
17
Suppose -622 = 4*s - s - 5*c, 417 = -2*s + c. Calculate the remainder when s/(-5) - (-36)/(-45) is divided by 8.
1
Suppose 79*m = 5*p + 75*m - 203, -4*m = -3*p + 125. What is the remainder when 481 is divided by p?
13
Let p = -270240 + 270252. Let f = 51 + 66. What is the remainder when f is divided by p?
9
Suppose -2*f - 17 + 13 = 0. Let k be f/3 - 41792/(-48). Suppose -3*q + q + k = 4*g, 4*q - 432 = -2*g. What is the remainder when g is divided by 44?
42
Let q(o) = 2*o**2 + 35*o + 79. Let p be q(-21). Suppose 0 = 230*r - p*r - 316. What is the remainder when r is divided by 19?
3
Let p(i) = i**3 + 29*i**2 + 55*i + 19. Let d be p(-27). Suppose -4*h + 50 = -2*h. What is the remainder when h is divided by ((-6)/d)/((-7)/(-84))?
7
Suppose -176 = -7*z - z. Let v(a) = 5*a - 88. Suppose 7*r = -3*b + 4*r + 102, -83 = -2*b - 5*r. Calculate the remainder when v(b) is divided by z.
13
Suppose -24 - 24 = -8*u. Let h(q) = q**3 - 3*q**2 + 10*q - 27. Calculate the remainder when h(u) is divided by 11.
9
Suppose -135*b + 7464 = -31281. What is the remainder when b is divided by 168?
119
Suppose 0 = -2*g + 3*h + 179, -9 = 22*h - 25*h. What is the remainder when 467 is divided by g?
91
Let c = 80 - 55. Suppose 3*r = 4*r + 2*h - c, -4*r - 5*h + 115 = 0. What is the remainder when r is divided by ((30/(-9))/(-5))/((-7)/(-105))?
5
Suppose -741 = -20934*k + 20915*k. What is the remainder when 155 is divided by k?
38
Let p = 15 + 7. Let w(i) = 479*i - 18166. Calculate the remainder when w(38) is divided by p.
14
Let q be 12*((-65)/15 - -4)*4. Calculate the remainder when 43 is divided by 0 - ((-6)/(-7))/(q/560).
13
Let f(n) be the first derivative of 3*n**2 - 20*n + 21. Let y be f(-8). Let v = y - -69. What is the remainder when v is divided by 1?
0
Let b = -615 + 618. Suppose b*n - 4*t - 1119 = 0, -2*n + 6*t - 11*t = -723. Calculate the remainder when n is divided by 4.
1
Let a = -31547 - -33399. What is the remainder when a is divided by 5?
2
Let u(p) = 316*p - 1574. What is the remainder when u(6) is divided by (-28)/(-20) - 1 - (-129)/15?
7
Suppose 0 = -2*w + 4. Suppose -4*v + 120 = 3*i, -w*i + i + 90 = 3*v. Suppose p = -v + 113. What is the remainder when p is divided by 28?
27
Let w = 3 + -2. Suppose 25 = 85*x - 80*x. What is the remainder when 34 is divided by 63/7 - x - (w - 4)?
6
Suppose 2 = -l + 5. Suppose -l*u = 2*u - 110. Calculate the remainder when (-35 - -54) + -25 + (0 - -93) is divided by u.
21
Let k(r) = -7*r + 2. Let q(z) = 3*z**2 - 663*z + 3291. What is the remainder when q(5) is divided by k(-2)?
3
Suppose 3*f + 3281 = 3506. Let y be 1 + -41 + 3 + -3. Let u = f - y. What is the remainder when u is divided by 29?
28
What is the remainder when 568 - (4 - 12) - 5 is divided by 142?
3
Suppose 0 = 4*i - 2*a - 0*a - 450, 230 = 2*i + 4*a. Let q(v) = 4*v**3 + 1276*v**2 + 45*v + 14395. Calculate the remainder when i is divided by q(-319).
33
Let l = 993 + -499. What is the remainder when l is divided by 162?
8
Let b = 52 + -26. Suppose 5*y = -3*z + 105, b = 5*z + 1. What is the remainder when 143 is divided by y?
17
Let h(b) = 8*b**2 - 15*b - 23. Let w be h(8). Let p = w - 327. What is the remainder when p is divided by 10?
2
Let u = 25 + -21. Suppose 2*f = u, -3*q + 124 = -q + 4*f. Suppose -q*o = -62*o + 116. Calculate the remainder when o is divided by 8.
5
Suppose -67*x + 3703 = -66*x. What is the remainder when x is divided by 39?
37
Let i be -1 - (-1 - -2)*-1. Let p(z) = z**3 - z + 80. Suppose -61 = -3*h - 23*b + 21*b, 0 = 6*h - 2*b - 128. Calculate the remainder when p(i) is divided by h.
17
What is the remainder when (-2407)/(-7) - 584/(-511) is divided by 113?
6
Let v = 5068 - 4947. Calculate the remainder when 290 is divided by v.
48
Suppose -6*d + d + 412 = v, 1968 = 5*v + 2*d. Suppose 5*s - 38 = v. What is the remainder when s is divided by 46?
40
Suppose 41*j - 4405 + 989 = 1832. Calculate the remainder when 25342 is divided by j.
126
Let m(x) = -10*x - 1. What is the remainder when 4000/(-240)*((-64)/(-40) - 10) is divided by m(-1)?
5
Suppose -5*r = -201 + 66. Suppose -3*l + r = -0. Let w(a) = a**2 - 6*a - 22. What is the remainder when 9 is divided by w(l)?
4
Let q(i) = i**3 - 12*i**2 - 11*i + 18. What is the remainder when 219 is divided by q(13)?
43
Suppose 22 = 2*i + 2*a, -i = -3*a - 235 + 200. Let z(x) = 19*x + 9. What is the remainder when z(11) is divided by i?
14
Let z = -239 + 199. Let m(y) = 4*y**2 + 158*y - 39. Calculate the remainder when 408 is divided by m(z).
39
What is the remainder when 70 + 4824 - (28 + -4) is divided by 24?
22
Let m(h) = 45*h**2 - 45*h**2 + 4 + 57*h**3 + h - 2 - 4. What is the remainder when m(1) is divided by 20?
16
Suppose -2*g = 8*o - 1380, -26*o + 21*o + 837 = -3*g. What is the remainder when o is divided by 22/(-55) + (-354)/(-10)?
31
Suppose 6*m - 2*m = 28. Suppose m*k - 32 = -18. Calculate the remainder when 5 is divided by (k + -3)*(-4 - 1).
0
Suppose 376 = -5*l - 0*l + 536. What is the remainder when 202 is divided by l?
10
Let x = 26 + -18. Let q be (-1242)/24 - 2/x. Let f = 66 + q. What is the remainder when 95 is divided by f?
11
Calculate the remainder when 1591 is divided by 470*(1518/(-220) + 7).
40
Let r(j) = 4*j**3 - 376*j**2 + j - 14. Let h be (-2)/8 + (-45)/(-4). Suppose 0 = 3*m - 62 + h. What is the remainder when r(94) is divided by m?
12
Let t = -313 - -276. Let a = t + 64. What is the remainder when 33 is divided by a?
6
Calculate the remainder when 423 is divided by (2/(-5)*-6)/((-1080)/(-24300)).
45
Let k(d) = 30*d**3 + 20*d**2 - 16*d - 4. What is the remainder when 101 is divided by k(1)?
11
Suppose -2*a + 496 = 4*t, -3*t = t - 4*a - 520. Suppose r = -l + 6 + 42, 0 = -2*l + 4*r + t. What is the remainder when l is divided by 20?
13
Suppose 0 = 2*p + 4, f + p = -p + 9. Let i(y) = -y**3 - 30*y**2 + 46*y - 53. Let q be i(-31). Let b = 551 + q. What is the remainder when b is divided by f?
7
Suppose 11*q - 3014 = -2332. Calculate the remainder when 1424 is divided by q.
60
Let n(p) = 6*p**2 - 8*p**2 + 6*p + p**2 + 9. Let y be n(7). Calculate the remainder when y/(-10) + (-2172)/(-60) is divided by 13.
10
Suppose -13498 - 89149 = -42*m - 4703. Calculate the remainder when m is divided by 97.
4
Let a be 3/(-18) - (-1002)/(-36). Suppose 2*g - 378 = -g. Calculate the remainder when g is divided by (25 + a)/(1/(-11)).
27
Suppose -k + 1 +